0502962?
9
What is the hundreds digit of 177114?
1
What is the hundreds digit of 188874?
8
What is the hundreds digit of 3561674?
6
What is the thousands digit of 7280599?
0
What is the ten thousands digit of 7426196?
2
What is the thousands digit of 145549?
5
What is the hundred thousands digit of 22897052?
8
What is the tens digit of 34695340?
4
What is the tens digit of 22057?
5
What is the hundred thousands digit of 503268?
5
What is the hundred thousands digit of 334138?
3
What is the hundred thousands digit of 5033552?
0
What is the tens digit of 3086587?
8
What is the hundred thousands digit of 656369?
6
What is the units digit of 3252142?
2
What is the thousands digit of 18422412?
2
What is the hundred thousands digit of 3478527?
4
What is the hundred thousands digit of 11498786?
4
What is the hundred thousands digit of 505482?
5
What is the thousands digit of 127405?
7
What is the ten thousands digit of 102093?
0
What is the ten thousands digit of 560854?
6
What is the thousands digit of 740375?
0
What is the hundreds digit of 44331?
3
What is the thousands digit of 1686346?
6
What is the units digit of 127031?
1
What is the hundred thousands digit of 7633497?
6
What is the hundreds digit of 12948810?
8
What is the units digit of 22564194?
4
What is the thousands digit of 456054?
6
What is the thousands digit of 1503580?
3
What is the units digit of 335888?
8
What is the hundred thousands digit of 9015908?
0
What is the units digit of 69121?
1
What is the millions digit of 3717274?
3
What is the hundreds digit of 336840?
8
What is the hundreds digit of 829650?
6
What is the hundreds digit of 26350734?
7
What is the units digit of 2643998?
8
What is the ten thousands digit of 5827734?
2
What is the ten thousands digit of 6883603?
8
What is the hundreds digit of 2543656?
6
What is the units digit of 70193?
3
What is the ten millions digit of 10364463?
1
What is the units digit of 63323?
3
What is the hundred thousands digit of 131983?
1
What is the units digit of 2249044?
4
What is the tens digit of 942594?
9
What is the units digit of 226186?
6
What is the millions digit of 1311390?
1
What is the ten thousands digit of 397225?
9
What is the units digit of 159705?
5
What is the tens digit of 311823?
2
What is the ten thousands digit of 9822671?
2
What is the hundreds digit of 4616991?
9
What is the tens digit of 405598?
9
What is the ten thousands digit of 11209785?
0
What is the hundred thousands digit of 600965?
6
What is the hundreds digit of 1525379?
3
What is the ten millions digit of 18441753?
1
What is the units digit of 25371?
1
What is the ten thousands digit of 131951?
3
What is the hundred thousands digit of 5186382?
1
What is the hundreds digit of 6798628?
6
What is the thousands digit of 98845?
8
What is the ten thousands digit of 1192294?
9
What is the tens digit of 1543140?
4
What is the tens digit of 275196?
9
What is the ten thousands digit of 1870764?
7
What is the millions digit of 1214644?
1
What is the hundreds digit of 253670?
6
What is the units digit of 2149175?
5
What is the ten thousands digit of 272984?
7
What is the millions digit of 1811323?
1
What is the units digit of 116341?
1
What is the hundred thousands digit of 574122?
5
What is the hundred thousands digit of 174594?
1
What is the units digit of 20081402?
2
What is the thousands digit of 12555672?
5
What is the units digit of 3100668?
8
What is the tens digit of 2508116?
1
What is the units digit of 5560351?
1
What is the units digit of 5966521?
1
What is the hundred thousands digit of 5811526?
8
What is the hundreds digit of 661642?
6
What is the tens digit of 560213?
1
What is the units digit of 9216023?
3
What is the tens digit of 243212?
1
What is the millions digit of 16718100?
6
What is the ten thousands digit of 30478506?
7
What is the ten thousands digit of 58175?
5
What is the millions digit of 30732276?
0
What is the ten thousands digit of 326107?
2
What is the tens digit of 836088?
8
What is the millions digit of 1822002?
1
What is the thousands digit of 2893230?
3
What is the ten thousands digit of 2210210?
1
What is the ten thousands digit of 14929889?
2
What is the units digit of 12115417?
7
What is the ten thousands digit of 4673258?
7
What is the ten thousands digit of 23180771?
8
What is the hundreds digit of 523376?
3
What is the tens digit of 190411?
1
What is the hundreds digit of 208986?
9
What is the thousands digit of 10175100?
5
What is the tens digit of 1829796?
9
What is the hundred thousands digit of 1806564?
8
What is the thousands digit of 354041?
4
What is the units digit of 2729189?
9
What is the ten thousands digit of 892975?
9
What is the ten thousands digit of 6738930?
3
What is the hundred thousands digit of 321890?
3
What is the hundred thousands digit of 1538234?
5
What is the units digit of 2650286?
6
What is the thousands digit of 653913?
3
What is the ten thousands digit of 1186581?
8
What is the ten thousands digit of 4295284?
9
What is the ten thousands digit of 9425905?
2
What is the thousands digit of 2656638?
6
What is the thousands digit of 36029?
6
What is the tens digit of 520307?
0
What is the ten thousands digit of 493841?
9
What is the tens digit of 3851691?
9
What is the units digit of 30513?
3
What is the units digit of 1448683?
3
What is the units digit of 5041341?
1
What is the hundred thousands digit of 3378886?
3
What is the thousands digit of 5288569?
8
What is the hundreds digit of 960907?
9
What is the units digit of 691?
1
What is the tens digit of 5767157?
5
What is the ten thousands digit of 175073?
7
What is the ten thousands digit of 6303449?
0
What is the tens digit of 8280?
8
What is the tens digit of 1647439?
3
What is the tens digit of 1778384?
8
What is the thousands digit of 888813?
8
What is the thousands digit of 632822?
2
What is the thousands digit of 7180?
7
What is the units digit of 1102390?
0
What is the tens digit of 99451?
5
What is the ten thousands digit of 1960674?
6
What is the units digit of 4683483?
3
What is the thousands digit of 140129?
0
What is the ten thousands digit of 5145673?
4
What is the thousands digit of 985861?
5
What is the ten thousands digit of 667388?
6
What is the units digit of 951749?
9
What is the thousands digit of 745252?
5
What is the tens digit of 907864?
6
What is the hundreds digit of 3588260?
2
What is the units digit of 1209703?
3
What is the thousands digit of 36454?
6
What is the tens digit of 602014?
1
What is the hundred thousands digit of 12721493?
7
What is the millions digit of 18577475?
8
What is the units digit of 113176?
6
What is the ten thousands digit of 7391064?
9
What is the hundred thousands digit of 1887532?
8
What is the ten millions digit of 27513371?
2
What is the units digit of 1383707?
7
What is the ten thousands digit of 274835?
7
What is the tens digit of 250368?
6
What is the units digit of 7443?
3
What is the millions digit of 15412707?
5
What is the hundreds digit of 798874?
8
What is the hundreds digit of 2804921?
9
What is the tens digit of 22484709?
0
What is the hundred thousands digit of 1223427?
2
What is the hundreds digit of 934660?
6
What is the units digit of 358134?
4
What is the tens digit of 87953?
5
What is the thousands digit of 725839?
5
What is the hundred thousands digit of 214298?
2
What is the ten thousands digit of 272397?
7
What is the ten thousands digit of 4080799?
8
What is the units digit of 84165?
5
What is the millions digit of 3808441?
3
What is the tens digit of 15997254?
5
What is the ten thousands digit of 2601606?
0
What is the hundred thousands digit of 1960745?
9
What is the ten thousands digit of 18011536?
1
What is the thousands digit of 701070?
1
What is the units digit of 2290281?
1
What is the millions digit of 15667118?
5
What is the hundred thousands digit of 13206129?
2
What is the tens digit of 423872?
7
What is the tens digit of 6171745?
4
What is the ten thousands digit of 2607732?
0
What is the units digit of 6135227?
7
What is the tens digit of 445266?
6
What is the thousands digit of 171404?
1
What is the hundreds digit of 5855302?
3
What is the tens digit of 5787149?
4
What is the hundreds digit of 19710291?
2
What is the hundreds digit of 368267?
2
What i